t z(q) be the second derivative of q**2/2 + 3*q. Let h(f) = k(f) + 6*z(f). List the prime factors of h(-4).
13
Suppose -4*v - 269 = -5*v - 4*o, 2*v - 558 = -4*o. List the prime factors of v.
17
Let v(l) = 14*l**3 + 14*l**3 - 9*l + 14*l**2 - 26*l**3 + 1. What are the prime factors of v(-7)?
2
Let v = -277 - -188. Let x(m) = m**2 - 9*m + 12. Let g be x(-8). Let y = g + v. List the prime factors of y.
59
Suppose 131 = q + 2*p, -4*q + 0*q - 4*p + 528 = 0. What are the prime factors of q/(-21)*3/(-1)?
19
Suppose 2*h - 3*u - 1585 = 0, -1320 = -5*h - 3*u + 2653. What are the prime factors of h?
2, 397
Let a(q) = 4*q. Let b be a(1). Let y be (-204)/(-8) + (-2)/b. List the prime factors of (-4)/10 + 160/y.
2, 3
Let f be 1*(-4)/(-12)*0. Let l be (-3 + 2)*-5 - f. Suppose 0 = 4*i - 5*y - 104, -85 = -3*i - 2*i - l*y. List the prime factors of i.
3, 7
Let q(v) = v**3 - 7*v**2 - 18*v - 3. Let o be q(9). Let f = o + 7. List the prime factors of f.
2
Let v(c) = -15*c**2 + c + 1. Let u be v(-1). Let p be (-2)/((u/(-70))/(-3)). Suppose -23 = -3*f + p. List the prime factors of f.
17
Let f(g) = 7*g**2 + 27*g + 202. What are the prime factors of f(-16)?
2, 11, 71
Let p be 102/4 - (-11)/22. What are the prime factors of -2*(-5)/(10/p)?
2, 13
Let x(p) = 2*p. Let r be x(-1). Let b be (7/(-2) - -1)*r. Suppose -2*z - l = -48, 0*z - 4*z + 102 = b*l. What are the prime factors of z?
23
Let o = 346 - -46. What are the prime factors of o?
2, 7
Let n(j) be the first derivative of -j**4/4 - 2*j**3/3 - j**2/2 - 3*j + 1. Suppose -2*b - 11 = -5. List the prime factors of n(b).
3
Let z(w) = 8 + 3*w - 2*w - 4 - 2*w. Let m = 0 - 5. What are the prime factors of z(m)?
3
Let w = 258 - -43. What are the prime factors of w?
7, 43
Suppose -2*a - 4*o = -o - 473, -949 = -4*a - 5*o. List the prime factors of a.
241
Suppose 4*c + 5*u = -7 + 19, -3*u = -4*c - 20. Let k(l) be the third derivative of -11*l**4/24 + l**3/3 - l**2. What are the prime factors of k(c)?
2, 3
Let z be (-2)/(-9)*6 + (-2100)/(-18). Suppose 2*v - z = 96. What are the prime factors of v?
107
Let z(o) = 40*o**2 + 2*o + 17. What are the prime factors of z(-3)?
7, 53
Suppose -12*i - 304792 = -74*i. List the prime factors of i.
2, 1229
Suppose -2*b - 6 = -2*w - 2, w - 2 = -5*b. List the prime factors of -2*w*(-3 - 25/4).
37
Let p = 4534 - 3119. What are the prime factors of p?
5, 283
Suppose -144*p = -131*p - 182. Suppose x + 273 = -2*x. What are the prime factors of (100/p)/((-13)/x)?
2, 5
Let h(c) = -c**3 + 2*c**2 - c - 1. Suppose 0 = 5*q - 6 - 4. Let r be h(q). What are the prime factors of 15/(-2*r/6)?
3, 5
Let k(u) = -u + 11. Let c be 4/14 + (-30)/105. Suppose -8*q + 4*q = -r - 25, c = 5*q + 4*r - 26. List the prime factors of k(q).
5
Let n(m) = 2*m. Let b be n(2). Suppose -b*z + 8 = -2*a + 2, 0 = 4*z + 4*a. Suppose z + 20 = d. What are the prime factors of d?
3, 7
Suppose 5*m + 3 = -4*q, -4*q + 0*q + m + 15 = 0. Let c(w) = 2 - q - 61*w - 5 + 49*w. List the prime factors of c(-5).
2, 3
Let l(q) = -41*q - 52. What are the prime factors of l(-3)?
71
Suppose 0 = -3*p + 4*y + 3112, 10*y - 7*y = 3*p - 3117. List the prime factors of p.
2, 3, 29
Let t = -15 - -18. Suppose 0*b - 2*b - 5*f + 1 = 0, -2*b + 3 = t*f. Suppose -5*y = h - 179 + 11, -2*y + 74 = -b*h. List the prime factors of y.
2, 17
Let k = 762 - 442. List the prime factors of k.
2, 5
Let x(j) = -j**3 - j**2 + 5. Let f be x(0). Let k = 639 - 563. Suppose -f*m + k = l + 9, 41 = 3*m + l. What are the prime factors of m?
13
Suppose -2*q = j - 30, -44*q - 20 = -j - 41*q. List the prime factors of j.
2, 13
Let m(x) = -3*x. Let s(d) = -d**2 + 4*d + 4. Let g be s(4). Let v be (21/28)/((-1)/g). List the prime factors of m(v).
3
Suppose d - 2 + 3 = 0. List the prime factors of -7*6/(-2 + d).
2, 7
Let m(y) = -530*y**3 - 2*y**2 + 1. Let l be m(-1). What are the prime factors of 1/5 + (-2 - l/(-5))?
2, 13
Let k(r) = -r**3 - 4*r**2 - r + 2. Let a be k(-4). Let o be 25/2 - 3/a. Suppose -2*u + o = -4. List the prime factors of u.
2
What are the prime factors of (-2)/(-13) + (-88551)/(-117) + 1?
2, 379
Let j = -122 - -106. List the prime factors of (3 + j)*13/4*-4.
13
Suppose -27*t = -30*t + 576. Suppose 6*w - 7*w = -t. List the prime factors of w.
2, 3
Suppose 0*t = 2*r - t - 16, -4*t = -3*r + 29. Let u(c) = 2*c**3 - 10*c**2 + 7*c - 12. What are the prime factors of u(r)?
233
Let x(d) = 2*d**2 - 5. Let w be x(5). Suppose s + w = -4*s - 5*l, -4*s + 5*l = 27. List the prime factors of (s/(-6) + 1)*6.
2, 7
Suppose 122 + 2 = -4*u. Let f = u - -69. List the prime factors of f.
2, 19
Let l(z) = -55*z**3 - z**2 - 2*z - 1. Let x(j) = -j**3 + 7*j**2 - 8*j + 11. Let a = 29 + -23. Let w be x(a). What are the prime factors of l(w)?
5, 11
Let s = -34 + 36. Suppose l - 8 = -2*z, 0*z = 5*l + z - 13. Suppose -l = -j + s. List the prime factors of j.
2
Let u(y) = y**3 - 6*y**2 - 16*y + 13. What are the prime factors of u(8)?
13
Suppose -8*b + 20 = -3*b + 2*k, -2*k = 3*b - 16. Let q(s) = -s**2 + 6*s - 3. Let m be q(b). Suppose -m*r + 106 = 11. What are the prime factors of r?
19
Let m = 0 + 3. Suppose -1 = m*x - 7. Suppose x*t - 19 = 29. What are the prime factors of t?
2, 3
Let a(r) be the first derivative of -r**5/10 + r**4/4 + r**3/3 - 10. Let c(i) be the third derivative of a(i). What are the prime factors of c(-3)?
2, 3, 7
Suppose 3*b + 6 = 6*b. Suppose 64 = b*c - 62. What are the prime factors of c?
3, 7
Let j(z) = -z**2 + 30*z - 14. Suppose 5*r - 4*k = 32, r + 0*r = -3*k + 14. List the prime factors of j(r).
2, 3
List the prime factors of 60018/20 - (-2 + 209/110).
3001
Let x be (9/(-6))/((-6)/76). Let c = -8 + x. Let l = c + 10. What are the prime factors of l?
3, 7
Let b be ((-330)/(-8))/(1/(4 - 0)). Suppose -j + b = -0*j + 2*d, j = 5*d + 172. What are the prime factors of j?
167
Suppose 13*o - 3304 = 9*o. List the prime factors of o.
2, 7, 59
Let w(q) = 5*q**2 - 27*q + 104. What are the prime factors of w(13)?
2, 13, 23
Suppose -2*m + m - r = 0, 3*m = 5*r. Suppose m = 7*c - 5*c - 120. List the prime factors of c.
2, 3, 5
Let f(r) be the first derivative of -2*r**2 + 27*r - 1. Let y be f(8). Let p = y + 34. List the prime factors of p.
29
Let g = 76 + -75. Let o = g + 104. List the prime factors of o.
3, 5, 7
Let o(b) = -b**3 - 2*b**2 + 6*b + 3. Let q be o(-4). Let c = 0 - q. Let k = 15 + c. List the prime factors of k.
2
Let s(o) = -3*o - 1. Let y be s(-1). Suppose p + 0*p + y = 0. Let f(b) = 12*b**2 - 3*b + 3. What are the prime factors of f(p)?
3, 19
Let h(v) = 5*v**2 - 6*v + 42. What are the prime factors of h(-8)?
2, 5, 41
Let v be 20/15*6/4. Suppose -3*a = v*q - 1, 5*q + 0*q = -5*a. What are the prime factors of (1/(-1))/(q/9)?
3
List the prime factors of (143906/76)/((-3)/(-6)).
7, 541
Let g = 603 - 407. List the prime factors of g.
2, 7
Let v(k) = k**3 - 17*k**2 - 17*k - 22. Let w be v(18). Let s(t) = 4*t**2 + 5*t + 6. What are the prime factors of s(w)?
2, 5
Let q = 1609 + -759. List the prime factors of q.
2, 5, 17
What are the prime factors of 165/(((-78)/(-8))/13)?
2, 5, 11
Let u = 5 - 2. Suppose 3*a = -3*v - v - 113, 0 = v + u*a + 17. What are the prime factors of (v - -3)/1*-1?
29
Let l(f) = 3*f + 3. Let r be l(2). Suppose 7 = -d + r. Suppose u + d*u - 197 = 4*h, -200 = -3*u + h. List the prime factors of u.
67
What are the prime factors of (0 - -5) + 6 + 1637 + 2?
2, 3, 5, 11
Let n be 260/52 + -1*(3 - 1). Suppose 0 = 5*x - 2*v - 613, 0 = n*x - 0*x - 2*v - 371. What are the prime factors of x?
11
Suppose -4*l - 40 + 4 = 0. What are the prime factors of (-6)/l*(-3 + 93)?
2, 3, 5
Let d(a) = 47*a**3 - 6*a**2 + 3*a. Let n(m) = -m**3 + m**2 - m. Let z = -5 - -4. Let w(l) = z*d(l) - 4*n(l). What are the prime factors of w(-1)?
2, 11
Let n(i) = 7*i**2 - 2*i**2 - 4*i**2 + 7*i - 3 + 2*i. Let y be n(-9). Let o = y - -12. List the prime factors of o.
3
Let m = 72 - 74. List the prime factors of (m*2 - -2)/((-8)/92).
23
Suppose -4*k = -5*q - 1729, -2*k + 0*k = -4*q - 866. List the prime factors of k.
431
Let y = -588 + 3628. What are the prime factors of y?
2, 5, 19
Let b(o) = -2*o - 10. Let i be b(-7). Suppose 80 = 90*f - 86*f. Suppose -3*c = i*r - f, 2*c = 4*c + 4*r - 16. List the prime factors of c.
2
Suppose 724 - 14946 = -26*t. What are the prime factors of t?
547
Let j = -133